ve of h**5/20 - 5*h**4/12 - h**3/3 - 7*h**2/2 + 2*h. Let p be (6 + -7)*(0 + -7). Is j(p) prime?
False
Suppose -5*g = -10*g. Suppose g*b + 1 = -b. Is 39 + -4 + (b - 0) a prime number?
False
Let q = -3 + 13. Suppose -q + 4 = 3*t. Is (0 + t)*(-46)/4 a composite number?
False
Suppose 0 = 3*g - 7*g - 56. Let r be (-4)/g + (-27)/21. Let s(o) = -33*o. Is s(r) composite?
True
Let t = 13 + -13. Suppose 0 = -s - 5*v + 26, t*v - 130 = -5*s + 5*v. Is s a prime number?
False
Let z be (-6)/(-2) + 7 + -11. Is (z - 1629)/(-2*1) a prime number?
False
Let h = 586 + -321. Is h a composite number?
True
Let w be (0 + 1)*(0 + 6). Suppose 2*g - 3*m + 41 = w*g, -4 = 4*m. Is g prime?
True
Let w(i) = 32*i + 1. Let d be w(3). Suppose -c + 20 = -2*c. Let u = c + d. Is u a prime number?
False
Is (-78590)/(-35) + 6/(-14) prime?
False
Suppose 2*i - 6*i = -8. Let d(m) be the second derivative of 6*m**3 - m**2/2 - m. Is d(i) composite?
False
Suppose 0*o - o = -27. Let k be (75/10)/5 + (-14)/(-4). Suppose g + 2*u - o = k*u, -4*g - 3*u = -78. Is g prime?
False
Let l(v) = 398*v**2 - v. Is l(1) composite?
False
Let x = 17 + -9. Let v(w) = -w**2 + 9*w - 11. Let m be v(x). Let q(z) = z**3 + 6*z**2 + 5*z + 2. Is q(m) a prime number?
False
Suppose 5*n = 5*r - 55, 27 = -2*n - r - 1. Let l = n + -20. Let p = l - -88. Is p composite?
True
Suppose 219 + 4953 = 6*n. Is n a composite number?
True
Suppose -2*x = -u - 3*u, 4*x = 0. Suppose -w - 4 = 2*p, u = w + w - 2*p - 4. Suppose z + 2*z + 9 = w, -y + 61 = -4*z. Is y a composite number?
True
Suppose -p - 254 = p. Let h = -88 - p. Is h prime?
False
Suppose -6*c = 8*c - 3556. Is c a composite number?
True
Suppose 5*l + n = -2 + 27, -26 = -4*l - 2*n. Suppose 3*v - 58 = -m - 0*v, 4*v - 62 = -m. Suppose -6*x + m = -l*x. Is x composite?
False
Let w(v) = -2*v + 1. Let f be w(-2). Suppose -f*g = 3*m - 289, g = 4*m - 3*g - 364. Suppose 5*q - m = -5*r + 17, 2*r = -2. Is q prime?
True
Let g = 264 + -124. Suppose -l - 3*l + g = s, -70 = -2*l + s. Is l prime?
False
Let o = -15 - -15. Suppose 291 = -o*j + 3*j. Is j composite?
False
Suppose -2*j - 5662 = -4*k - 1834, 3*k - 2*j = 2869. Is k a composite number?
True
Let m(l) = -4*l**2 + 10*l - 6. Let t(a) = 9*a**2 - 19*a + 13. Suppose 12 = -4*f, 0*x + 9 = x - 2*f. Let g(h) = x*t(h) + 7*m(h). Is g(8) a composite number?
False
Let n be ((-9)/(-3) - 28)*-1. Suppose -5*d = -n, 5*t - 1080 = -0*t - 5*d. Is t composite?
False
Suppose -8*b - 10 = -3*b. Is (20*1)/(b + 4) a composite number?
True
Let k(v) = -v**3 - 4*v**2 + v. Let h be k(-3). Is 0 + 1 + h/(-2) prime?
True
Let v = 1066 + -730. Let z = v - 145. Is z prime?
True
Let w(i) = 2*i + 5. Let m = 8 + 6. Let r = -7 + m. Is w(r) composite?
False
Let h be 1*3/(9/6). Suppose 4*p = 14 - h. Is p prime?
True
Let m(v) = -218*v + 11. Is m(-2) a prime number?
False
Suppose -s = -4*k + 250, 3*s - 171 - 71 = -4*k. Is k a composite number?
True
Let c be -2*1/(-2) - -1. Suppose 5*t - 189 = -0*t - 3*g, c*t = g + 80. Suppose t = p - 52. Is p prime?
False
Suppose 0*h = 2*h. Suppose h*p = -2*p + 4. Suppose -y = p*y - 102. Is y a composite number?
True
Is (-5374)/(-10) + (1 - 7/5) composite?
True
Suppose 2*o - 1217 = 1165. Let f = o + -794. Is f prime?
True
Let r(c) = 2*c - 4*c**2 - 4*c - 1 - 3*c - c**3. Suppose 2*w + 3*a = -8, -2*a + 3*a + 16 = -4*w. Is r(w) a prime number?
True
Let b be 58/18 + 4/(-18). Is (5/(-2) + b)*238 a prime number?
False
Let b be (38/8)/(2/16). Let p = 98 - b. Suppose 0 = -3*y + p - 3. Is y prime?
True
Let a be ((-2)/4)/(3/(-12)). Suppose 0 = -4*i + 3*g + 67, -a*g + 55 = 5*i. Is i composite?
False
Let i = 330 - -881. Is i a prime number?
False
Suppose 9*c - 14*c + 3235 = 0. Is c prime?
True
Let h(d) = -d**3 + d**2 + d. Let q be h(-5). Is 2/(-3 + 437/q) composite?
True
Suppose 4*x = 4*d + 1600, 5*d - 4 = d. Is x a composite number?
False
Suppose 2*s - 7*s = 3*m - 13282, 7975 = 3*s - 4*m. Is s a composite number?
False
Suppose -2*h + 21 = h. Let s(m) = m**3 + m**2 - 9*m - 10. Is s(h) a prime number?
False
Let u(h) = -8*h**2 + 23*h**2 + 9 - h + 12*h**2. Is u(5) a composite number?
True
Suppose -2*u - 2*u = -4*a + 8, -2*a = 0. Is -2 - (1 + -68 + u) prime?
True
Suppose -3*s - 5*v = -s - 1331, -3377 = -5*s + 4*v. Is s a prime number?
True
Suppose 3*w = -9, -t + 95 = -2*w - 542. Is t a prime number?
True
Let c(w) = -w**3 + 4*w**2 + 12*w + 1. Is c(-8) composite?
False
Let c(j) = -12*j - 5. Let f = 0 - 5. Is c(f) prime?
False
Suppose 111 - 21 = 5*n. Let p = n - 11. Is p a prime number?
True
Suppose -286 = -2*k - 3*c, 3*k - 3*c + 41 - 500 = 0. Is k prime?
True
Suppose 0*h + 3*h - 57 = 0. Let d(j) = j + 7. Let a be d(-5). Suppose 3*y = a*y + h. Is y composite?
False
Let r be (-5)/25 + 38/(-10). Is 1 + -3 - r - -1 a prime number?
True
Let g = 2 + -2. Suppose g = -4*s + 3*s. Suppose -4*d + 401 + 251 = s. Is d a prime number?
True
Let u = -13 - -15. Suppose 4*t + t = 4*x - 3560, -3588 = -4*x - u*t. Is x a prime number?
False
Let n(y) = y**2 - 7*y + 13. Let j be -1*((-2 - 0) + -3). Suppose -j*a + 45 = -2*v + 2, -3*v = -3. Is n(a) prime?
True
Suppose 0 = -2*m + 6*m - 1916. Is m prime?
True
Let l(g) = 23*g**3 - 2*g**2 - 2*g + 3. Let o be l(2). Let t(i) = 20*i**2 + 6*i + 6. Let s be t(-4). Let z = s - o. Is z prime?
True
Is (23/(-2) - 3)*-14 composite?
True
Is 2847/11 - (-6)/33 prime?
False
Is 20594/42*(-1 - -4) composite?
False
Let b be 12/(-8)*(-8)/(-6). Let w be 12*6 + 3 + b. Suppose -h - 4*y + 194 = h, h - w = 4*y. Is h a composite number?
False
Let o(m) = -m**3 - 10*m**2 + 2*m + 2. Let u(g) = -g**3 - 10*g**2 + 3*g + 1. Let b(w) = -6*o(w) + 5*u(w). Is b(-6) composite?
True
Let m be 1*(-2)/2 + -31. Let r be m/14 - (-4)/14. Let z(t) = -39*t + 1. Is z(r) a composite number?
False
Let t be (-1)/((-10)/(-4) + -2). Let z be (-2)/4*t/1. Is -23*(-2)/(z - -1) prime?
True
Is ((-8)/(-16))/((-1)/(-794)) composite?
False
Suppose -3*h + 23 + 3 = 4*w, 0 = 5*h - 5*w - 20. Let f = h - -31. Is f prime?
True
Suppose -c - a - 1686 = -6*c, 2*a - 346 = -c. Suppose r + 3*l = -3*r + 271, 0 = 5*r + 3*l - c. Suppose -2*n - r = -3*n. Is n a prime number?
True
Let w(z) = z**3 - 13*z**2 + 2*z - 4. Is w(13) prime?
False
Let x = -144 + 51. Is (-2 - x) + (-2)/1 a prime number?
True
Let j be 4/18 + (-16)/(-9). Is (-5)/j*3124/(-55) a composite number?
True
Let x(m) = 3*m**2 - 6 + 3 + m**3 + 2*m + m**2. Let d be x(-3). Suppose d = -w + 3*r + 34, 0*w - 5*r + 13 = 2*w. Is w a prime number?
True
Let f(h) = 74*h**2 + 2. Let r be f(2). Suppose 0 = o + 2*o + 5*c - r, 0 = -o - c + 96. Is o prime?
False
Let c(a) = a - 14. Let j be c(17). Suppose -443 = -3*p + 3*t - 5*t, 5*t = j*p - 457. Is p prime?
True
Let d(g) = 5*g**3 - 2*g**2 + g + 3. Is d(4) a prime number?
False
Let b(o) = 19*o - 4. Let j be -3 + 6 + (-2)/(-2). Let x(q) = -38*q + 7. Let y(i) = j*x(i) + 9*b(i). Is y(6) a prime number?
False
Let v = 8 + -14. Let o = 13 - v. Is o prime?
True
Let n(z) = 71*z - 20. Is n(29) a composite number?
False
Let u(d) = 6*d**2 + 5. Let y(f) = -f**3 + 6*f**2 - f + 5. Let n(b) = 3*u(b) - 2*y(b). Let w be n(-5). Is ((-10)/3)/(10/w) a composite number?
True
Suppose 0 = 3*p - 5*p - 64. Let u be -5*(p/(-10))/4. Is 2/(u/138*-3) composite?
False
Let t = 29 + -47. Let u = 40 + t. Let m = 137 - u. Is m composite?
True
Let q = -251 - -9. Let g = q - -375. Is g a composite number?
True
Let s(t) = 52*t + 1. Let l = 5 - 1. Is s(l) a prime number?
False
Let g = 174 - -37. Is g composite?
False
Let z be (-2)/(5/(525/6)). Let q = -66 - z. Let b = q - -68. Is b prime?
True
Suppose 5*j - 135 = -2*n, 5*j + 157 = 4*n - 158. Suppose 0 = i - 4*v - n, -2*i + 3*v - 4*v + 159 = 0. Is i a composite number?
False
Suppose 2*m + 5*v + 38 = 13, -3*m + 4*v + 20 = 0. Suppose 2 = y - m. Suppose c = -y*c + 249. Is c composite?
False
Let q(n) = n + 3. Let y be q(-6). Let i be 2/(-3*y/45). Is (-1959)/(-15) + 4/i composite?
False
Let l = 38 + 8. Suppose y = t - 5*t + l, -t = 2*y - 57. Is y a composite number?
True
Let l be (-1)/(3/6) + 76. Let i = 89 + l. Is i a composite number?
False
Suppose -r + 718 = 4*b, 3*b - 511 - 31 = r. Suppose l - b = -39. Is l a prime number?
False
Let n = 2599 - 906. Is n composite?
False
Let g(c) = 2*c - 3. Let y be g(3). Let k be (-9)/(y + -6) + 1. Suppose -t = -k*t + 573. Is t a composite number?
False
Let y = 38 + -2